ided by 8.
6
What is the remainder when 362 is divided by 91?
89
What is the remainder when 1080 is divided by 159?
126
Calculate the remainder when 62 is divided by 26.
10
Calculate the remainder when 154 is divided by 84.
70
Calculate the remainder when 76 is divided by 43.
33
What is the remainder when 1648 is divided by 28?
24
What is the remainder when 469 is divided by 160?
149
What is the remainder when 5029 is divided by 838?
1
What is the remainder when 592 is divided by 113?
27
Calculate the remainder when 19 is divided by 3.
1
What is the remainder when 349 is divided by 14?
13
Calculate the remainder when 604 is divided by 101.
99
What is the remainder when 255 is divided by 54?
39
What is the remainder when 360 is divided by 41?
32
Calculate the remainder when 59 is divided by 35.
24
What is the remainder when 127 is divided by 55?
17
What is the remainder when 37 is divided by 4?
1
What is the remainder when 900 is divided by 296?
12
Calculate the remainder when 78 is divided by 17.
10
What is the remainder when 444 is divided by 112?
108
What is the remainder when 1040 is divided by 36?
32
What is the remainder when 45 is divided by 13?
6
Calculate the remainder when 58 is divided by 23.
12
Calculate the remainder when 380 is divided by 22.
6
What is the remainder when 294 is divided by 237?
57
Calculate the remainder when 2428 is divided by 15.
13
Calculate the remainder when 19029 is divided by 62.
57
Calculate the remainder when 94 is divided by 32.
30
What is the remainder when 3514 is divided by 96?
58
What is the remainder when 3860 is divided by 25?
10
Calculate the remainder when 1556 is divided by 60.
56
What is the remainder when 417 is divided by 6?
3
Calculate the remainder when 566 is divided by 5.
1
Calculate the remainder when 94 is divided by 69.
25
What is the remainder when 1043 is divided by 87?
86
Calculate the remainder when 224 is divided by 115.
109
What is the remainder when 149 is divided by 72?
5
What is the remainder when 1163 is divided by 382?
17
Calculate the remainder when 287 is divided by 96.
95
What is the remainder when 2417 is divided by 121?
118
What is the remainder when 665 is divided by 252?
161
What is the remainder when 315 is divided by 57?
30
What is the remainder when 873 is divided by 47?
27
Calculate the remainder when 294 is divided by 67.
26
What is the remainder when 657 is divided by 6?
3
What is the remainder when 977 is divided by 7?
4
Calculate the remainder when 490 is divided by 473.
17
What is the remainder when 353 is divided by 51?
47
What is the remainder when 146 is divided by 38?
32
Calculate the remainder when 208 is divided by 35.
33
Calculate the remainder when 462 is divided by 15.
12
Calculate the remainder when 1209 is divided by 110.
109
Calculate the remainder when 359 is divided by 83.
27
Calculate the remainder when 51 is divided by 14.
9
Calculate the remainder when 1464 is divided by 386.
306
What is the remainder when 86 is divided by 38?
10
Calculate the remainder when 97 is divided by 60.
37
What is the remainder when 352 is divided by 82?
24
What is the remainder when 527 is divided by 25?
2
What is the remainder when 3010 is divided by 49?
21
Calculate the remainder when 27 is divided by 8.
3
What is the remainder when 224 is divided by 71?
11
Calculate the remainder when 180 is divided by 101.
79
What is the remainder when 484 is divided by 462?
22
Calculate the remainder when 4551 is divided by 31.
25
Calculate the remainder when 1072 is divided by 153.
1
Calculate the remainder when 848 is divided by 7.
1
What is the remainder when 915 is divided by 46?
41
Calculate the remainder when 273 is divided by 12.
9
What is the remainder when 561 is divided by 43?
2
Calculate the remainder when 142 is divided by 116.
26
What is the remainder when 8968 is divided by 23?
21
What is the remainder when 1677 is divided by 30?
27
What is the remainder when 885 is divided by 1?
0
Calculate the remainder when 115 is divided by 18.
7
Calculate the remainder when 713 is divided by 11.
9
What is the remainder when 639 is divided by 172?
123
Calculate the remainder when 84 is divided by 15.
9
What is the remainder when 3153 is divided by 41?
37
What is the remainder when 10770 is divided by 1795?
0
Calculate the remainder when 3381 is divided by 845.
1
Calculate the remainder when 27 is divided by 10.
7
Calculate the remainder when 402 is divided by 128.
18
Calculate the remainder when 306 is divided by 11.
9
Calculate the remainder when 709 is divided by 11.
5
Calculate the remainder when 133 is divided by 23.
18
What is the remainder when 926 is divided by 174?
56
What is the remainder when 279 is divided by 14?
13
Calculate the remainder when 2842 is divided by 4.
2
Calculate the remainder when 496 is divided by 21.
13
Calculate the remainder when 501 is divided by 101.
97
What is the remainder when 54 is divided by 7?
5
What is the remainder when 585 is divided by 42?
39
Calculate the remainder when 256 is divided by 80.
16
Calculate the remainder when 246 is divided by 75.
21
What is the remainder when 1021 is divided by 31?
29
Calculate the remainder when 191 is divided by 95.
1
Calculate the remainder when 4350 is divided by 99.
93
What is the remainder when 153 is divided by 57?
39
Calculate the remainder when 593 is divided by 18.
17
Calculate the remainder when 330 is divided by 109.
3
What is the remainder when 366 is divided by 62?
56
What is the remainder when 255 is divided by 118?
19
Calculate the remainder when 160 is divided by 8.
0
What is the remainder when 829 is divided by 209?
202
Calculate the remainder when 352 is divided by 342.
10
What is the remainder when 3658 is divided by 59?
0
Calculate the remainder when 266 is divided by 34.
28
Calculate the remainder when 108 is divided by 48.
12
What is the remainder when 19797 is divided by 13?
11
What is the remainder when 4408 is divided by 10?
8
What is the remainder when 838 is divided by 65?
58
Calculate the remainder when 372 is divided by 22.
20
Calculate the remainder when 130 is divided by 44.
42
Calculate the remainder when 449 is divided by 113.
110
Calculate the remainder when 2228 is divided by 53.
2
What is the remainder when 46365 is divided by 144?
141
Calculate the remainder when 218 is divided by 30.
8
What is the remainder when 1028 is divided by 103?
101
Calculate the remainder when 1176 is divided by 19.
17
Calculate the remainder when 207 is divided by 47.
19
Calculate the remainder when 3466 is divided by 1154.
4
What is the remainder when 214 is divided by 65?
19
Calculate the remainder when 72 is divided by 36.
0
Calculate the remainder when 667 is divided by 67.
64
What is the remainder when 1374 is divided by 348?
330
What is the remainder when 128 is divided by 9?
2
Calculate the remainder when 1731 is divided by 573.
12
Calculate the remainder when 17179 is divided by 5.
4
Calculate the remainder when 227 is divided by 140.
87
Calculate the remainder when 674 is divided by 236.
202
Calculate the remainder when 183 is divided by 62.
59
What is the remainder when 1922 is divided by 13?
11
What is the remainder when 737 is divided by 84?
65
Calculate the remainder when 862 is divided by 124.
118
What is the remainder when 424 is divided by 107?
103
What is the remainder when 161 is divided by 35?
21
Calculate the remainder when 1703 is divided by 48.
23
What is the remainder when 973 is divided by 32?
13
Calculate the remainder when 2606 is divided by 33.
32
What is the remainder when 308 is divided by 64?
52
Calculate the remainder when 118 is divided by 53.
12
Calculate the remainder when 15928 is divided by 15.
13
What is the remainder when 50 is divided by 34?
16
What is the remainder when 309 is divided by 52?
49
Calculate the remainder when 1950 is divided by 7.
4
What is the remainder when 130 is divided by 22?
20
What is the remainder when 186 is divided by 144?
42
What is the remainder when 157 is divided by 9?
4
What is the remainder when 431 is divided by 399?
32
Calculate the remainder when 639 is divided by 16.
15
Calculate the remainder when 2529 is divided by 621.
45
What is the remainder when 12 is divided by 3?
0
What is the remainder when 286 is divid